ppose 0 = 4*h - v*q - 9043, -1 = 4*q + 11. Is h prime?
False
Let g be (4576 - 1)*(-1 - -2). Suppose -5*j - 5*o = -g, 0 = -15*o + 17*o - 2. Is j a composite number?
True
Let n = 300 - -1042. Let c = 2555 - n. Is c composite?
False
Let d = 24911 + 1710. Let u = d - 6672. Is u a prime number?
True
Let c be 5957/2*(-408)/(-119). Suppose -53*m + 65*m = c. Is m prime?
False
Suppose 0*o - 2*o - 3*z = -186, -4*o + z + 344 = 0. Let y be 174/(-87) + (-2 - -7). Suppose -f - 2*x = -o, x - y + 2 = 0. Is f composite?
True
Let x(l) be the third derivative of l**7/140 - 7*l**6/360 + l**5/12 - l**4/3 - 7*l**3/6 - 13*l**2. Let u(z) be the first derivative of x(z). Is u(7) composite?
False
Suppose 0 = -5*j + 3146 + 34. Let x = 987 + j. Is x a prime number?
False
Let o = -2015 + 3364. Let q be -2 - -3 - (-7599 - 1). Suppose -q = -10*n + o. Is n a composite number?
True
Let q = 332 - 328. Let v = 0 + 2. Suppose -v*z - 6228 = -4*k, -2*k + q*z + 4038 = 912. Is k composite?
True
Suppose 5*v + 95 + 50 = 0. Let h = v - -49. Is (423/(-36))/((-1)/h) a composite number?
True
Let y = 63 - 59. Suppose 3*b - 6 = -4*r + 14, y*b = 4*r + 8. Let w(k) = 85*k - 3. Is w(b) a composite number?
False
Suppose -5*z + 1072044 = 12*r + 408853, -2*z + 265274 = 4*r. Is z a composite number?
False
Suppose -r - 6*r = -71197. Let y = r + -5900. Is y composite?
False
Let u = -653 - 3235. Let j = u - -6197. Is j prime?
True
Let h(g) = 9*g + 71. Let j be h(-8). Is -3*4583/3*j a composite number?
False
Suppose 552493222 = 358*x + 132202654 - 1068952558. Is x composite?
True
Is ((-6)/39)/(-2) - 6*1735270/(-195) composite?
True
Suppose -2 = 3*j + j - 5*h, -j - 5*h + 12 = 0. Suppose 0 = 4*g - 5*m - 4 - j, -4 = -2*g + 2*m. Suppose -k = -5*x - 1233, -2*x - 5004 = -g*k - 0*x. Is k prime?
False
Let p(b) = 1845*b**2 + 63*b - 7. Is p(2) composite?
False
Let t be (-112)/(-24) + 1/3. Let v be 3/(-5) - (-48)/t. Let w(y) = y**2 + 7*y - 5. Is w(v) a composite number?
False
Let p(y) = y**2 - 5*y + 10. Let j be p(-3). Is (j - 9)*4377/15 composite?
True
Suppose 17*d = 64 + 4. Suppose -5*f - d*v + 4429 = 0, -14*f + v + 4449 = -9*f. Is f composite?
True
Suppose 0 = 4*p - 20 - 40. Let c = 12 - p. Is (-173)/c - 12/(-9) a composite number?
False
Let b(f) = 1085*f**2 - 353*f - 3. Is b(-4) a composite number?
True
Let f = -73487 - -159354. Is f prime?
False
Let r be (20/6)/(3/63). Let n = r - 68. Is 374 + -7 + (-2 + n)*-1 a composite number?
False
Suppose -30*s + 5*s - s + 3137186 = 0. Is s a composite number?
False
Let s(c) be the first derivative of c**4/4 + 4*c**3/3 - 3*c**2/2 - 4*c + 139. Suppose 2*z - 14 = 4*b, 0 = 2*z + 6*b - 4*b + 16. Is s(z) prime?
False
Let b(y) be the second derivative of 5*y**4/6 - y**3 - 45*y**2/2 - 32*y - 2. Is b(13) prime?
True
Is (-101283954)/(-424) + (-18)/(-6) + (-13)/4 prime?
True
Let u be (-1)/(-3 + (-22186)/(-7396)). Suppose -16*w + 21922 = u. Is w a prime number?
False
Is (-302)/604*((-2)/(-8) - 2033106/8) a composite number?
True
Let r = 428228 - 275463. Is r prime?
False
Let c = 311 + -309. Suppose 0 = 3*v + 5*o - 7159, 7171 = -3*v + 6*v + c*o. Is v a composite number?
False
Let n(c) be the second derivative of -28*c**3/3 + 9*c**2/2 - 5*c + 14. Is n(-5) composite?
True
Let b = -3701 - -7888. Is b composite?
True
Let i = 614 - 610. Suppose i*q = -2*l + 3010 + 1332, 6473 = 3*l - 2*q. Is l a prime number?
True
Let o = 7902 + -3701. Is o a prime number?
True
Suppose 3*f - 19844 = 2*w + 20491, 0 = 2*f - 5*w - 26912. Is f prime?
True
Suppose -95 = -3*r + 5*o - 40, 51 = 3*r - 3*o. Is (r/(45/22))/(4/282) prime?
False
Let c(f) = -235*f**3 + 11*f**2 + 9*f + 221. Is c(-16) a composite number?
False
Let i be 4 - (-3 + 3)/(-1). Let p be 12*(i - 2)*1. Let f = 7 + p. Is f a prime number?
True
Suppose 2*p + 121204 = 5*k - 552031, 0 = -4*k + 3*p + 538595. Suppose l - k = -4*l. Is l a prime number?
False
Is 3829*63/49 + 2*-2 a composite number?
False
Suppose -33*w + 219998 + 40512 = -89323. Is w a prime number?
True
Suppose 3351042 = 200*r + 184442. Is r a prime number?
False
Suppose 14*s + 27639 = 10069. Let f = s - -1890. Is f composite?
True
Is ((-5302959)/(-981))/((-2)/(-186)) prime?
False
Let x(d) = -13*d**2 + 249*d - 344. Let h(j) = -4*j**2 + 83*j - 115. Let f(m) = -19*h(m) + 6*x(m). Is f(-42) a composite number?
False
Let h = 5820499 - 4067214. Is h a prime number?
False
Let c be (-18)/(-21)*(-35)/(-10). Let i(q) = 1653*q + 24. Let o be i(c). Suppose 8*m - 6785 = o. Is m a composite number?
False
Let b = -2308 - -6434. Is b composite?
True
Suppose 32614148 - 98203715 = -111*f. Is f a composite number?
True
Suppose -45*x + 514489 = 197734. Is x a composite number?
False
Let r = -17082 + 24065. Suppose 5*l + 4*i = -0*l + r, -3*l = -i - 4200. Is l prime?
True
Let w(y) = y**2 + 15*y + 64. Let i be w(-8). Suppose 0 = -i*r - 36309 + 132005. Is r a prime number?
False
Suppose 3*w = -158*n + 163*n + 1096328, -1096321 = -3*w - 2*n. Is w composite?
False
Suppose -22*l - 9 = -25*l. Suppose 3290 = 2*p - l*p. Let x = 5541 + p. Is x prime?
True
Let p = -54 - -53. Let h be (16/48)/((2/12)/p). Is (h - 0)/(3/(-123)) + 0 composite?
True
Let v = 15164 + 204791. Is v a prime number?
False
Suppose 36*x - 39200 = 32*x. Suppose z - x = 8103. Is z a composite number?
False
Is 171/3249 - (-78510696)/38 a composite number?
True
Suppose 17*u - 10*u - 112 = 0. Let l be (24/u)/(9/12). Suppose l*k - 5888 = -2*c - 3*k, 5896 = 2*c + k. Is c a prime number?
False
Suppose -8*i + 2*z - 1500 = -10*i, 3*z = 4*i - 2972. Is i - ((6 - 8) + 9) a prime number?
True
Suppose 62*h - 66*h - 4*b + 336652 = 0, 4*b - 84151 = -h. Is h prime?
False
Suppose -q - 3*c = -8*c - 71, 5*q - 4*c = 250. Suppose -77027 = -q*g + 29*g. Is g a composite number?
True
Let g = 42120 - -15191. Is g a composite number?
True
Let m(w) = -2*w**3 - 19*w**2 + 4*w + 44. Let o(y) = -17*y**3 + y**2 + 3*y - 2. Let j be o(1). Is m(j) a composite number?
False
Let a(y) be the first derivative of 39*y**2/2 - 17*y + 1. Let t(r) = r**2 - 10*r + 14. Let p be t(10). Is a(p) prime?
False
Let b = -215062 + 516241. Is b prime?
False
Suppose 4*n + 20 = 9*n. Let p(r) = 116*r**3 + 5*r**2 - 3*r + 2. Let t be p(n). Is (-2)/((-1261)/t + 2/12) prime?
True
Suppose 2*o = 4*u + 700, 9*u + 1412 = 4*o + 4*u. Is o composite?
True
Let l be (-50 - 72353) + -2*1. Is (-4)/(-5 + l/(-14485)) composite?
False
Suppose 2*y - 24949 = -4*r - 3437, 0 = y - 2*r - 10748. Let z = -13 + y. Suppose -k + 9578 + 3822 = 5*x, 4*x - z = 3*k. Is x a prime number?
False
Let c(d) = 33*d**2 - d + 1. Let z be c(3). Suppose 2*b + 825 = 1917. Let i = b - z. Is i a composite number?
False
Let j(b) = -779*b - 175. Let y = -343 + 337. Is j(y) prime?
False
Let m = 91 + -92. Let k be -1*211*3*(m + 0). Let d = -302 + k. Is d prime?
True
Let v = 374 - 362. Suppose -18*g + v*g = -7314. Is g composite?
True
Let o(n) = -2*n**3 + 18*n**2 + 94*n - 71. Is o(-34) a composite number?
False
Suppose -5 = -g, 5*g + 465220 = 3*l + 10*g. Is l a composite number?
True
Suppose -39 + 24 = -5*j. Suppose 1006 = 4*f + 2*x, 6*f = 5*f + j*x + 269. Is f a prime number?
False
Suppose -5*u = l + l - 127, 2*u - 62 = -l. Let q = l + -53. Suppose 283 - 856 = -q*d. Is d composite?
False
Let i be (-2394)/168 - (-1 + 7/4). Let n(g) = 5*g**2 - 9*g + 23. Is n(i) a prime number?
True
Let p = -25637 - -49336. Is p prime?
False
Is (10/15)/((-82408)/20604 + 4) a prime number?
False
Suppose -3*i = -4*c - 132 - 104, 2*i + c = 161. Suppose -10*s + i = -2*s. Is s a prime number?
False
Let k = 26 + -16. Suppose 0 + 10 = k*x. Is (x/(-3))/(2/(-2334)) a composite number?
False
Suppose -11*m + 7*m - 20 = 0. Let c be -17 + m + 0 - -1. Let n(l) = -2*l + 25. Is n(c) prime?
True
Suppose 0*v - 2*v - 6694 = 0. Let s = 6658 - 11900. Let y = v - s. Is y a prime number?
False
Is ((-12)/36*50361)/(-1) prime?
True
Suppose -15 = -2*n - 3*r, 3*r = 6*n - 2*n + 15. Suppose n = 7*f - 1396 - 662. Let l = -133 + f. Is l a prime number?
False
Let d = -60528 + 210946. Is d prime?
False
Suppose -28 = 4*b + 4*r, -r = 3*b + 3*r + 26. Let v be b*-4*(-2)/16*-3. Is (-1591 - v)/((-1 + 3)*-1) a composite number?
False
Let g(b) = -b**3 - 6*b**2 - 3*b + 8. Let t be g(-6). Let w(o) = o**2 + 66*o - 217. Let z be w(-67). Is 223*((-4)/t + z/(-130)) composite?
False
Suppose -3*p + 15 = 0, 38*l - 41*